 is the greatest common divisor of o and v?
14
Suppose 55 = -6*n + 307. Suppose -2*d + 58 = -h, -2*d - 3*d - 4*h + 132 = 0. What is the greatest common divisor of n and d?
14
Let h(r) be the second derivative of r**4/12 + 13*r**3/6 + 4*r**2 - 6*r. Let g be h(-13). Calculate the highest common divisor of g and 1.
1
Let m(q) = -2*q - 4. Let h be m(-4). Let o be (14/(-21))/(h/(-150)). Calculate the greatest common factor of 10 and o.
5
Let j(n) = -7*n**3 - 4*n**2 - 4*n - 3. Let q be j(-2). Suppose -30 = -2*g + 2*z, 0 = 4*g + 5*z - 4*z - q. Calculate the highest common divisor of g and 4.
4
Let c = 17 - 5. Calculate the highest common factor of c and 24.
12
Suppose s - 3*s + 72 = 0. Suppose -192 = -3*m - s. Suppose -m = -h - h. Calculate the highest common divisor of h and 39.
13
Let u be (2 - (-2 + 5))*-8. Let n(h) = 9*h**2 + h + 2. Let y be n(2). Calculate the highest common factor of u and y.
8
Let a(x) = x**3 - 3*x**2 - 8*x. Let s be a(6). What is the greatest common factor of 24 and s?
12
Suppose -15 = -3*r + 2*n, -5 = r - 2*r - 5*n. Let y = 2 + -1. Suppose -16 = -i - r*o - y, 2*i - o = 30. Calculate the greatest common divisor of 5 and i.
5
Suppose -v = 2*v + 12. Let a = v - -5. Suppose 4*b - a - 3 = 0. Calculate the highest common factor of b and 9.
1
Suppose 3*d - 31 = 5. Suppose 2*u - 32 = 3*u. Let r be 26/8 + (-24)/u. What is the highest common factor of r and d?
4
Suppose 0 = -4*p + 3*p + 11. What is the greatest common factor of p and 77?
11
Let q = 6 - 4. Suppose 9*b = 7*b + 44. What is the highest common divisor of q and b?
2
Let j be (-1)/(-2)*14/1. Suppose 4*y - b = j, -4*y + 7*y + 2*b - 19 = 0. Let z = -14 - -20. What is the highest common divisor of z and y?
3
Suppose 3*k = 4*o + 64, -4*o = 3*k + 22 - 102. Calculate the greatest common factor of k and 24.
24
Suppose -4*q + 7 = -3*q. Let s(j) = 55*j + 1. Suppose 3*t - 20 = -5*z, 7 = -3*z + t + t. Let w be s(z). What is the greatest common factor of w and q?
7
Let c = -4 + 4. Suppose 5*d - 10 = n - 6*n, 2*d + 4 = c. What is the highest common divisor of n and 6?
2
Let j(m) = 26*m**2 + m - 2. Let v be j(2). Suppose 0 = -3*z - 4*g + 31, 5*g + 0*g + 62 = 4*z. What is the highest common divisor of v and z?
13
Suppose 0 = -0*s - 6*s + 36. Let l(y) = -5*y - 2 - 2*y + 0 + 2*y**2. Let f be l(s). What is the greatest common divisor of 14 and f?
14
Let i = -8 + 4. Let g be i/(-14) + (-248)/(-14). What is the highest common divisor of 6 and g?
6
Let t be 6/16 + 170/16. Calculate the highest common factor of 143 and t.
11
Let i = 25 - 18. What is the highest common factor of 49 and i?
7
Suppose -r - n + 235 = 0, -r + 241 = 4*n + 6. What is the highest common factor of 47 and r?
47
Let k(o) = o**3 - 6*o**2 - 2*o - 6. Let s be k(6). Let a = s - -6. Let f be a/42 - (-886)/14. What is the greatest common divisor of f and 42?
21
Let q(o) = -2*o**3 - 1. Let n be q(-2). Suppose 0 = s - 4*s + 6. Let l be (14/(-21))/(s/(-15)). What is the highest common divisor of l and n?
5
Suppose 0 = -f + 3*i + 27, 5*f + 5*i + 0*i - 135 = 0. Calculate the greatest common divisor of f and 36.
9
Suppose 40 = 3*u - 5*d + 7*d, 0 = 4*d + 16. Calculate the highest common divisor of u and 176.
16
Let w be (-25)/(-4) - 1/4. Suppose 7 - 3 = 2*c. Suppose -v - 6 = -c*v. Calculate the highest common divisor of w and v.
6
Let j be 9/(27/(-132))*-4. Calculate the highest common divisor of 16 and j.
16
Suppose -x = 2*w - 3*w + 11, -w - 2*x = 1. Suppose 3*p = 2*j + j - 36, 0 = -4*j - 20. Let r = p - -24. Calculate the greatest common factor of r and w.
7
Suppose 0 = -h - 5*g + 8, 6*h + 2*g = h + 17. What is the greatest common factor of 9 and h?
3
Let n = -15 + 15. Suppose 0*q - 4*v = -5*q - 11, n = -4*q + v. Let b = 0 + 1. What is the highest common divisor of q and b?
1
Let l = -174 - -192. What is the greatest common divisor of 18 and l?
18
Let k be (3 + -2)*-1*-14. What is the greatest common divisor of 70 and k?
14
Suppose 5*o = -2*b + 7, 12 = -4*b + b. Let m(d) = -d**3 - d**2 + 9 + 2*d**3 - d + 2*d. Let i be m(0). Calculate the greatest common factor of i and o.
3
Suppose c - 4*c = -90. What is the highest common factor of 270 and c?
30
Let k = -24 - -50. Suppose 5*w = -8 + 23. Suppose 0 = w*b - 6, -5*o + 19 = 5*b - k. Calculate the highest common divisor of o and 14.
7
Let k = 6 + -5. Let i be (k + 0)/((-3)/(-51)). What is the highest common divisor of 187 and i?
17
Let b(z) = -36*z - 8. Let m be b(-2). Calculate the greatest common divisor of 16 and m.
16
Let r(v) be the first derivative of 2*v**2 - 2. Let b = -16 - -18. Let d be r(b). What is the greatest common divisor of d and 8?
8
Let n = 73 + -47. Calculate the greatest common factor of 286 and n.
26
Let d be (-462)/(-30) - 2/5. What is the greatest common divisor of 120 and d?
15
Let x(q) = q**3 + 2*q**2 + q + 176. Let h be x(0). Let d be ((-3)/9)/(2/(-132)). What is the greatest common divisor of d and h?
22
Suppose 76 = -3*g + 328. Let j(q) = 2*q**2 + 10*q + 12. Let u be j(-5). What is the greatest common divisor of g and u?
12
Let f = -6 + 8. Let u = 9 - f. Calculate the highest common divisor of u and 21.
7
Let g(h) = h**3 - 5*h**2 + 6*h - 4. Let u be g(4). Let t = -27 - -59. What is the highest common factor of t and u?
4
Let b = 2 + 9. What is the greatest common divisor of 55 and b?
11
Let y be ((-1)/(-2))/((-21)/(-462)). Suppose 2*x = -4, 2*k - 82 = x - 14. What is the greatest common factor of k and y?
11
Let y = 16 - 12. Suppose -y*l + 84 = -0*l. What is the greatest common factor of 189 and l?
21
Let q = 28 + -14. Calculate the highest common divisor of q and 126.
14
Let r(a) = a + 20. Let p be r(20). Calculate the highest common divisor of p and 5.
5
Let x(v) be the second derivative of v**3/2 - 2*v**2 + v. Let z be x(6). What is the highest common divisor of z and 35?
7
Let p(x) = -x**2 - 5*x. Let z be p(-4). Suppose -4*b - 24 = -z*q + 12, b = 0. Calculate the highest common divisor of 63 and q.
9
Let g be (((-234)/8)/1)/((-18)/96). What is the highest common factor of g and 39?
39
Suppose -3 = 4*q - 2*g - 7, 5*q = 4*g - 1. Suppose 59 = 5*u + 4*k, q*u + k - 41 = -0. What is the greatest common divisor of u and 75?
15
Let c(z) = -z**3 + 9*z**2 - 11*z - 3. Let k be c(7). Let g(a) = 7*a**2 + 7*a + 6. Let l be g(-4). Calculate the greatest common divisor of k and l.
18
Let o = -4 - -4. Let f be -2 - (o + 2*-1). Suppose 0 = -f*h + h - 6. Calculate the highest common factor of h and 42.
6
Suppose -4*o - 34 = -q - 0*o, 0 = -q - 5*o + 61. What is the highest common factor of q and 23?
23
Let w be (-3)/(-1 - (-15)/20). What is the greatest common factor of 30 and w?
6
Let p be 3/(21/103) - (-16)/56. What is the greatest common divisor of p and 5?
5
Suppose 0*a = -4*a + 96. Let h(l) = -l**3 + 12*l**2 - 10*l - 8. Let q be h(11). Calculate the highest common factor of q and a.
3
Suppose -k - 2*k - 4*t + 32 = 0, 4*t - 48 = -5*k. What is the greatest common factor of k and 56?
8
Let s = 7 + 3. Suppose 0 + s = 5*h. Suppose -5*a + 218 = 2*q, 0 = 3*q - h*a + a - 293. What is the greatest common divisor of 11 and q?
11
Let z(y) = y**2 + 6*y - 4. Let g be 68/(-11) + (-2)/(-11). Let v be z(g). Let x be 11 - (-5)/(10/v). Calculate the greatest common factor of 18 and x.
9
Let z = -23 - -13. Let r be (144/(-90))/(4/z). Calculate the highest common factor of r and 6.
2
Let n = 1 + 12. Let c(v) = 25*v - 11. Let h be c(2). What is the greatest common divisor of n and h?
13
Suppose -b + 9*b = 216. What is the highest common factor of 108 and b?
27
Let b = 44 + 6. Calculate the highest common factor of b and 30.
10
Let l(f) = -6*f - 8. Let k be l(-4). Calculate the greatest common divisor of k and 16.
16
Let p = 85 + 59. Calculate the greatest common divisor of p and 16.
16
Let a = 167 + -90. Calculate the highest common divisor of 33 and a.
11
Let d = 18 + -4. Calculate the greatest common factor of d and 14.
14
Let t = 86 - 123. Let d = t + 64. What is the greatest common divisor of 135 and d?
27
Suppose -5*s + 55 = -0*s. What is the greatest common divisor of 88 and s?
11
Let f(y) = 2*y**2 - 3*y + 5. Let w be f(4). Let p = -37 - -62. Calculate the greatest common factor of w and p.
25
Suppose -4*y - 2*o + 662 = 0, 3*y - 497 = -0*y - 2*o. Let u be 1*1*(3 + 12). Calculate the